at is the tens digit of y?
3
Let k(f) = -f**2 + 14*f - 28. What is the tens digit of k(10)?
1
Let q(z) = -6*z**2 + 13*z - 2. Let f be q(2). Let j = 9 - 1. Let x = f + j. What is the units digit of x?
8
Suppose 2*u + 1 = 9. Let z = 6 - u. Suppose 4 = z*d - 8. What is the units digit of d?
6
Let q(f) = 57*f**3 + 2*f**2 - 7*f + 4. What is the tens digit of q(2)?
5
Let r = 24 - 28. What is the units digit of (-3 - -4)/(r/(-492))?
3
Let y(i) = -i**3 - 8*i**2 - 6*i + 10. Let t be y(-7). Suppose 2*m = t*m. What is the tens digit of 25 + (2 - m) + -5?
2
Let j = -88 - -96. What is the hundreds digit of (-24)/(-32) + 1866/j?
2
Let v(j) be the second derivative of j**5/20 + 11*j**4/12 - j**3/2 + 3*j**2 - 10*j. What is the units digit of v(-11)?
9
Let z = 1622 + -862. What is the tens digit of z?
6
What is the tens digit of (-69)/(3*(-6)/102)?
9
Suppose 35*c = 33*c + 1570. What is the tens digit of c?
8
Let p be (2 - 3)/(4/(-1344)*2). Suppose -168 = -2*j + p. What is the hundreds digit of j?
1
Suppose m = -3*x + 93, -3*x - 150 = 2*m - 4*m. Suppose 2*g + m = 143. What is the tens digit of g?
3
What is the units digit of 7 + -1 + -1 - 172749/(-267)?
2
What is the tens digit of ((-6)/5)/(9 + (-34299)/3810)?
0
Suppose -8 = -h - 3*h. Suppose w - h = -0. Suppose w*u = -3*o + 17, -4*o - o - 105 = -5*u. What is the tens digit of u?
1
Let s(k) = -k**2 - 62*k - 91. What is the units digit of s(-24)?
1
Let r(f) = 8*f - 1 + 2 - 7*f. Let w be r(3). Suppose w*d - 20 = 24. What is the units digit of d?
1
Suppose 2*k + 2*s = 2860, 2*s = -69*k + 66*k + 4290. What is the tens digit of k?
3
Let o be 3 + (-1 - -2) - 2. Let p = o + 2. Suppose -3*y + 0*z + 32 = z, -4*y + 32 = p*z. What is the tens digit of y?
1
Let p(y) = y**2 - 9*y + 19. Suppose 60 = 6*d + 24. What is the units digit of p(d)?
1
Suppose 4*f - 12*f = -152. Suppose -3*c - 409 = -4*v + f, -5*v - 4*c = -535. What is the hundreds digit of v?
1
Let y = 660 + 142. What is the units digit of y?
2
Let m(w) = -41*w - 4. Let g be m(-2). Let p = g + 9. What is the tens digit of p?
8
Let r(c) = c**2 + 10*c - 8. Let d be r(-11). Suppose -x = -0*x + 4*l - 245, -d*x = l - 746. What is the hundreds digit of x?
2
Let p(u) = 42*u - 41. What is the units digit of p(14)?
7
Suppose -4*c + 4 = -2*c. Suppose c*i + 8 = -3*i - 3*m, i + 4 = -3*m. What is the units digit of (-4)/(-1) - i*2?
6
Suppose -5*b + 4690 = -5*y, -9*y - 3754 = -4*b - 6*y. What is the hundreds digit of b?
9
Let b = 3 - -4. Let k be 8/28 - (-26)/b. Suppose -k*v = -3*v - 2*j - 1, -v = -j - 5. What is the units digit of v?
9
Let y(c) be the third derivative of -c**6/120 + 2*c**5/15 + 11*c**4/24 - 2*c**3 + 2*c**2. Let j be y(9). Let o = j + -3. What is the units digit of o?
3
Let j(i) = i**3 + 4*i**2 - 3*i + 7. Let u be j(-5). Let r = u + 7. Suppose r*n + 46 = 5*b, 0*b + 5*n + 26 = b. What is the units digit of b?
6
Let i(k) = -k**2 + 8*k - 16. Let n be i(4). Suppose -76 = -0*l - l - m, n = 3*l + 4*m - 226. What is the units digit of l?
8
Let z be ((-4)/20*2)/(2/20). What is the tens digit of (1 - -1)/(z/(-34))?
1
Let w(l) = -5*l**3 + 15*l**2 - 12*l + 10. Let s(c) = c**3 - c**2. Let r(g) = -6*s(g) - w(g). What is the tens digit of r(-11)?
0
Let k(x) = -2*x**2 - x + 1. Let t be k(0). Let f(h) = 132*h**2 + 2*h - 1. What is the tens digit of f(t)?
3
Suppose -14632 = -379*y + 371*y. What is the hundreds digit of y?
8
What is the hundreds digit of (-14140)/30*(-5 - 28/(-8))?
7
Suppose 28*u - 9528 = 22*u. What is the thousands digit of u?
1
Let t = 65 + 578. What is the units digit of t?
3
Let a(q) = -q**3 - 6*q**2 - 6*q. Let m be a(-5). Suppose m*t + 4*u - 20 = 0, 0*t + 5*t + 10 = 2*u. Suppose -c + 0*c + 22 = t. What is the units digit of c?
2
Suppose -6 = -5*d + 79. Let r = d - 14. Suppose r*f - 80 = -f. What is the tens digit of f?
2
Let o(g) = g**3 - 8 - 3*g - 3*g**3 + g**3 + 0*g**3 - 6*g**2. What is the units digit of o(-7)?
2
Let m(y) = -y**2 + 15*y - 11. Let j(o) = -o**3 - 3*o**2 + 2*o + 4. Let l be j(-4). Let s be m(l). Let n = s + -14. What is the tens digit of n?
1
Suppose 2*h + 10 = 4*p, 2*p + 5*h = 4*p - 9. Let y = 0 + 20. Let v = p + y. What is the tens digit of v?
2
Suppose 0 = 12*m + 17*m - 18966. What is the tens digit of m?
5
Suppose -52 = 3*v - 7*v. Let n = 27 - v. What is the units digit of n?
4
What is the units digit of 178/(-2*(-5)/25)?
5
Suppose -60*b = 4*z - 61*b - 6909, 0 = -4*z - 4*b + 6924. What is the tens digit of z?
2
Let t = -164 + 606. What is the hundreds digit of t?
4
Let y(q) = q**3 - 13*q**2 - 13*q - 13. Let z be y(14). What is the units digit of 40 - (-3 - z)/(-1)?
6
Suppose -11*f = -9*f - 160. What is the units digit of f?
0
Let y = 319 - 92. What is the hundreds digit of y?
2
Let y be -2 - ((-37)/2)/((-4)/(-8)). Let k = 75 - y. What is the tens digit of k?
4
Let u(o) = -12*o + 537. What is the hundreds digit of u(11)?
4
Let u be (4/2)/(5/150). What is the units digit of ((-36)/u)/(2/(-10))?
3
Let b(r) = r**3 + 8*r**2 + 18*r + 10. Let i be b(-7). Let f = 94 + i. What is the units digit of f?
7
Let f(z) = 9*z**2 + 7 + 4 - 5*z - 6 - z**3 - 3*z. Let d(s) = -3*s - 2. Let n be d(-3). What is the tens digit of f(n)?
4
Suppose -35 - 28 = -7*v. Let m(p) = 3*p - v + p - 6*p - p. What is the units digit of m(-8)?
5
Suppose -3*u + 13 = 4. Let i be (1 + -2)*u + 3. Suppose -4*b + b + 156 = i. What is the tens digit of b?
5
Suppose -3*k + 262 = 2*n, -340 - 42 = -3*n + k. Suppose y - 73 - 53 = 0. Suppose 5*l - f = y, 2*l - 3*f - n = -3*l. What is the tens digit of l?
2
Let d(v) = -v**3 + 4*v**2 + 14*v - 6. Let f be d(6). Let w(x) = 5*x**2 + 4*x - 35. What is the tens digit of w(f)?
6
Suppose 0 = 2*q + 2*c - 4, 2*c - 17 = -q + 6*c. What is the units digit of (-7)/(q/(-240)*3)?
2
Let a = -11 + 21. Suppose -a + 4 = -3*b. What is the units digit of b?
2
Let a = -890 - -2117. What is the thousands digit of a?
1
Let f(v) = 72*v**2 + 14*v - 7. What is the units digit of f(3)?
3
Suppose n = 129 + 22. Suppose c - 118 = -5*m + n, 0 = -3*m - c + 161. What is the tens digit of m?
5
Suppose 5*t = -4*b + 12000 + 7336, 3*b + 4*t = 14502. What is the thousands digit of b?
4
Let u = 30 - 23. Let k(s) = 12*s + u + 3*s + s**2 - 4*s - 6*s. What is the tens digit of k(-10)?
5
What is the hundreds digit of -1 + 254*(-1 + 2)?
2
Let p(h) be the second derivative of -5*h**3/6 + 5*h**2 + 8*h. What is the units digit of p(-7)?
5
Let h(g) = -g**3 - 6*g**2 - 7*g + 6. Let n(y) = -1 + 14*y - 28*y + 15*y + 0. Let k be n(-5). What is the units digit of h(k)?
8
Let k = 400 + -186. Let t = -66 + k. What is the hundreds digit of t?
1
Let y be 6/1*11/(-22). What is the tens digit of y/((18/260)/((-12)/10))?
5
Suppose -5*g - 55 = -150. Let k(y) = -y**3 + 19*y**2 + 7*y - 23. What is the hundreds digit of k(g)?
1
Let s = -343 - -936. What is the tens digit of s?
9
What is the tens digit of 2/(-2) - 2 - -3*671?
1
Suppose 27 = -8*t + 7*t. Let o = t + 45. Suppose 2*u = 2*x - x - o, -2*u + 4 = 0. What is the units digit of x?
2
Suppose 3*d = -6, 4*a = 2*d - 7*d + 10. Let i(v) = 26*v**2 - 1. Let f be i(1). Let h = a + f. What is the units digit of h?
0
Let t(q) = 72*q**2 + 6*q - 13. Let m be t(2). What is the units digit of (4062/(-7))/(-3) + (-123)/m?
3
Suppose v = k + 2, -2*v + 5*v - 2*k - 3 = 0. Let j be (12 - 3) + v - 2. What is the units digit of 20/j*(6 + -3)?
0
Suppose 29 = 4*z - 39. Suppose 5*u = -2*s + z + 116, -3*s = -2*u - 247. What is the units digit of s?
9
What is the hundreds digit of 1001 - (14/(-2) - -15)?
9
Suppose 46 = 2*k - 5*k - 2*p, 3*k + 5*p = -61. What is the tens digit of 3/k - 354/(-8)?
4
Let k(i) = 54*i - 62. What is the units digit of k(4)?
4
Suppose -13 = 3*g - 22. Suppose -4*u - 4*n + 7*n = -113, -g*u = -2*n - 85. What is the tens digit of u?
2
Let x(t) = t**3 + t**2 - 14. Suppose 22 + 5 = 9*q. What is the units digit of x(q)?
2
Let k(a) be the first derivative of 8*a**2 + 17*a + 8. What is the tens digit of k(7)?
2
Let p = 658 - 51. What is the units digit of p?
7
Let q = 8 - 31. Suppose 0*t = -2*s - 2*t + 120, 0 = -4*s - 2*t + 232. Let i = q + s. What is the units digit of i?
3
Let h(s) = 183*s**2 - 17*s - 4. Let r(i) = -5*i + 5*i + 46*i**2 - 1 - 4*i. Let p(g) = -2*h(g) + 9*r(g). What is the units digit of p(-1)?
9
Suppose 117 = -4*p - u, -2*p + 4*u - 112 = 2*